{"id":3642,"date":"2022-11-05T00:09:51","date_gmt":"2022-11-05T00:09:51","guid":{"rendered":"https:\/\/argentinatrails.com\/fra\/?page_id=3642"},"modified":"2026-01-16T15:09:22","modified_gmt":"2026-01-16T15:09:22","slug":"destinations","status":"publish","type":"page","link":"https:\/\/argentinatrails.com\/fra\/destinations\/","title":{"rendered":"Destinations"},"content":{"rendered":"<p>[vc_row css=\u00a0\u00bb.vc_custom_1678907206728{margin-right: 10% !important;margin-bottom: -100px !important;margin-left: 10% !important;padding-top: 65px !important;background-position: center !important;background-repeat: no-repeat !important;background-size: cover !important;}\u00a0\u00bb][vc_column width=\u00a0\u00bb1\/2&Prime;][vc_empty_space]<div class=\"mkdf-section-title-holder   mkdf-st-highlight mkdf-center-align\" style=\"text-align: center\">\n\t<div class=\"mkdf-st-inner\">\n\t\t\t\t\t\t\t<h3 class=\"mkdf-st-title\" >\n                            DESTINATIONS 4WD            \t\t\t<\/h3>\n\t\t\t\t\t\t\t<\/div>\n<\/div>[vc_column_text]Nous concevons des programmes d\u2019exp\u00e9ditions tout-terrain en 4WD \u00e0 travers le Nord-Ouest argentin et Salta, explorant des r\u00e9gions \u00e9loign\u00e9es et fascinantes, en traversant la Puna, les salars, les vall\u00e9es et des paysages autrement inaccessibles. Chaque itin\u00e9raire est personnalis\u00e9 selon vos int\u00e9r\u00eats, votre temps et vos objectifs, avec une logistique professionnelle et un accompagnement sp\u00e9cialis\u00e9, en mettant toujours la s\u00e9curit\u00e9 au premier plan.<\/p>\n<p>Nos exp\u00e9ditions 4WD combinent paysages spectaculaires, histoire et aventure, avec une planification d\u00e9taill\u00e9e et des guides exp\u00e9riment\u00e9s, pas de programmes rigides: chaque voyage est unique.[\/vc_column_text][\/vc_column][vc_column width=\u00a0\u00bb1\/2&Prime;][vc_gallery interval=\u00a0\u00bb3&Prime; images=\u00a0\u00bb4858,4856,4857&Prime; img_size=\u00a0\u00bbfull\u00a0\u00bb][\/vc_column][\/vc_row][vc_row css=\u00a0\u00bb.vc_custom_1678907206728{margin-right: 10% !important;margin-bottom: -100px !important;margin-left: 10% !important;padding-top: 65px !important;background-position: center !important;background-repeat: no-repeat !important;background-size: cover !important;}\u00a0\u00bb][vc_column][vc_column_text]<\/p>\n<p style=\"text-align: center;\"><span style=\"font-size: 18pt;\">&#8211; TOLAR GRANDE &#8211; CONO DE ARITA &#8211; SALAR DE ARIZARO &#8211; EL PE\u00d1\u00d3N &#8211; CAMPO DE PIEDRA P\u00d3MEZ &#8211; ANTOFALLA &#8211; ANTOFAGASTA DE LA SIERRA &#8211; CAFAYATE &#8211; CACHI &#8211; PURMAMARCA &#8211; SALINAS GRANDES &#8211; QUEBRADA DE HUMAHUACA &#8211; SAN ANTONIO DE LOS COBRES &#8211; TILCARA &#8211;\u00a0<\/span><\/p>\n<p>[\/vc_column_text][vc_zigzag el_width=\u00a0\u00bb80&Prime; css=\u00a0\u00bb.vc_custom_1678563750764{margin-bottom: 40px !important;}\u00a0\u00bb][\/vc_column][\/vc_row][vc_row css=\u00a0\u00bb.vc_custom_1684332100030{margin-right: 10% !important;margin-left: 10% !important;padding-top: 40px !important;background-position: center !important;background-repeat: no-repeat !important;background-size: cover !important;}\u00a0\u00bb][vc_column width=\u00a0\u00bb1\/3&Prime;]<div class=\"mkdf-section-title-holder   mkdf-st-highlight mkdf-center-align\" style=\"text-align: center\">\n\t<div class=\"mkdf-st-inner\">\n\t\t\t\t\t\t\t<h3 class=\"mkdf-st-title\" >\n                            PUNA            \t\t\t<\/h3>\n\t\t\t\t\t\t\t<\/div>\n<\/div>[vc_empty_space][vc_column_text]<\/p>\n<p style=\"text-align: center;\">Explorez la Puna du Nord-Ouest argentin lors de nos exp\u00e9ditions en 4WD, \u00e0 travers des paysages qui semblent appartenir \u00e0 une autre plan\u00e8te. D\u00e9serts d\u2019altitude, salars, volcans et hauts plateaux forment un territoire unique, id\u00e9al pour une aventure authentique en dehors des circuits traditionnels.<\/p>\n<p style=\"text-align: center;\">Partez sur des routes o\u00f9 vous traverserez des \u00e9tendues d\u00e9sertiques immenses entour\u00e9es de salars, montagnes et volcans ; visitez des champs de lave, des dunes, des lagunes \u00e0 la faune spectaculaire et des villages isol\u00e9s empreints de traditions ancestrales.<\/p>\n<p>[\/vc_column_text][vc_empty_space height=\u00a0\u00bb85px\u00a0\u00bb][\/vc_column][vc_column width=\u00a0\u00bb1\/3&Prime;]<div class=\"mkdf-section-title-holder   mkdf-st-highlight mkdf-center-align\" style=\"text-align: center\">\n\t<div class=\"mkdf-st-inner\">\n\t\t\t\t\t\t\t<h3 class=\"mkdf-st-title\" >\n                            VALL\u00c9ES ET RAVINS            \t\t\t<\/h3>\n\t\t\t\t\t\t\t<\/div>\n<\/div>[vc_empty_space][vc_column_text]<\/p>\n<p style=\"text-align: center;\">D\u00e9couvrez les vall\u00e9es multicolores et formations g\u00e9ologiques impressionnantes du Nord-Ouest argentin, o\u00f9 des paysages naturels saisissants se m\u00ealent \u00e0 la culture locale, aux routes du vin (notamment le Torront\u00e9s) et \u00e0 des traditions anciennes.<\/p>\n<p style=\"text-align: center;\">Ces lieux sont parfaits pour ceux qui appr\u00e9cient la marche, l\u2019exploration et l\u2019immersion culturelle.<\/p>\n<p>[\/vc_column_text][vc_empty_space height=\u00a0\u00bb85px\u00a0\u00bb][\/vc_column][vc_column width=\u00a0\u00bb1\/3&Prime;]<div class=\"mkdf-section-title-holder   mkdf-st-highlight mkdf-center-align\" style=\"text-align: center\">\n\t<div class=\"mkdf-st-inner\">\n\t\t\t\t\t\t\t<h3 class=\"mkdf-st-title\" >\n                            PLANIFIEZ VOTRE VOYAGE            \t\t\t<\/h3>\n\t\t\t\t\t\t\t<\/div>\n<\/div>[vc_empty_space][vc_column_text]<\/p>\n<p style=\"text-align: center;\">Chaque exp\u00e9dition est diff\u00e9rente, c\u2019est pourquoi nous cr\u00e9ons des parcours sur mesure qui combinent r\u00e9gions, activit\u00e9s et niveaux d\u2019aventure selon vos int\u00e9r\u00eats, votre exp\u00e9rience et votre temps disponible.<\/p>\n<p style=\"text-align: center;\">Vous pouvez partir d\u2019une id\u00e9e initiale ou de l\u2019un de nos programmes de base, et l\u2019adapter enti\u00e8rement. Notre \u00e9quipe vous accompagne d\u00e8s le premier contact pour vous conseiller \u00e0 chaque \u00e9tape et vous offrir une proposition claire, r\u00e9aliste et bien planifi\u00e9e, avec toute la logistique prise en charge par des op\u00e9rateurs locaux.<\/p>\n<p>[\/vc_column_text][vc_empty_space height=\u00a0\u00bb85px\u00a0\u00bb][\/vc_column][\/vc_row][vc_row css=\u00a0\u00bb.vc_custom_1684332100030{margin-right: 10% !important;margin-left: 10% !important;padding-top: 40px !important;background-position: center !important;background-repeat: no-repeat !important;background-size: cover !important;}\u00a0\u00bb][vc_column width=\u00a0\u00bb1\/3&Prime;][vc_gallery interval=\u00a0\u00bb3&Prime; images=\u00a0\u00bb4753,4755,4240&Prime; img_size=\u00a0\u00bbfull\u00a0\u00bb][\/vc_column][vc_column width=\u00a0\u00bb1\/3&Prime;][vc_gallery interval=\u00a0\u00bb3&Prime; images=\u00a0\u00bb4752,4750,4751&Prime; img_size=\u00a0\u00bbfull\u00a0\u00bb][\/vc_column][vc_column width=\u00a0\u00bb1\/3&Prime;][vc_gallery interval=\u00a0\u00bb3&Prime; images=\u00a0\u00bb4756,4749,4748&Prime; img_size=\u00a0\u00bb1947&#215;1125&Prime;][\/vc_column][\/vc_row][vc_row css=\u00a0\u00bb.vc_custom_1678461230437{padding-top: 65px !important;background-position: center !important;background-repeat: no-repeat !important;background-size: cover !important;}\u00a0\u00bb][vc_column][vc_zigzag el_width=\u00a0\u00bb80&Prime;][\/vc_column][\/vc_row]<\/p>\n","protected":false},"excerpt":{"rendered":"<p>[vc_row css=\u00a0\u00bb.vc_custom_1678907206728{margin-right: 10% !important;margin-bottom: -100px !important;margin-left: 10% !important;padding-top: 65px !important;background-position: center !important;background-repeat: no-repeat !important;background-size: cover !important;}\u00a0\u00bb][vc_column width=\u00a0\u00bb1\/2&Prime;][vc_empty_space][vc_column_text]Nous concevons des programmes d\u2019exp\u00e9ditions tout-terrain en 4WD \u00e0 travers le Nord-Ouest argentin et Salta, explorant des r\u00e9gions \u00e9loign\u00e9es et fascinantes, en traversant la [&hellip;]<\/p>\n","protected":false},"author":2,"featured_media":0,"parent":0,"menu_order":0,"comment_status":"closed","ping_status":"closed","template":"full-width.php","meta":{"footnotes":""},"class_list":["post-3642","page","type-page","status-publish","hentry"],"yoast_head":"<!-- This site is optimized with the Yoast SEO plugin v27.5 - https:\/\/yoast.com\/product\/yoast-seo-wordpress\/ -->\n<title>Destinations - Argentina Trails<\/title>\n<meta name=\"robots\" content=\"index, follow, max-snippet:-1, max-image-preview:large, max-video-preview:-1\" \/>\n<link rel=\"canonical\" href=\"https:\/\/argentinatrails.com\/fra\/destinations\/\" \/>\n<meta property=\"og:locale\" content=\"fr_FR\" \/>\n<meta property=\"og:type\" content=\"article\" \/>\n<meta property=\"og:title\" content=\"Destinations - Argentina Trails\" \/>\n<meta property=\"og:description\" content=\"[vc_row css=\u00a0\u00bb.vc_custom_1678907206728{margin-right: 10% !important;margin-bottom: -100px !important;margin-left: 10% !important;padding-top: 65px !important;background-position: center !important;background-repeat: no-repeat !important;background-size: cover !important;}\u00a0\u00bb][vc_column width=\u00a0\u00bb1\/2&Prime;][vc_empty_space][vc_column_text]Nous concevons des programmes d\u2019exp\u00e9ditions tout-terrain en 4WD \u00e0 travers le Nord-Ouest argentin et Salta, explorant des r\u00e9gions \u00e9loign\u00e9es et fascinantes, en traversant la [&hellip;]\" \/>\n<meta property=\"og:url\" content=\"https:\/\/argentinatrails.com\/fra\/destinations\/\" \/>\n<meta property=\"og:site_name\" content=\"Argentina Trails\" \/>\n<meta property=\"article:modified_time\" content=\"2026-01-16T15:09:22+00:00\" \/>\n<meta name=\"twitter:card\" content=\"summary_large_image\" \/>\n<meta name=\"twitter:label1\" content=\"Dur\u00e9e de lecture estim\u00e9e\" \/>\n\t<meta name=\"twitter:data1\" content=\"5 minutes\" \/>\n<script type=\"application\/ld+json\" class=\"yoast-schema-graph\">{\"@context\":\"https:\\\/\\\/schema.org\",\"@graph\":[{\"@type\":\"WebPage\",\"@id\":\"https:\\\/\\\/argentinatrails.com\\\/fra\\\/destinations\\\/\",\"url\":\"https:\\\/\\\/argentinatrails.com\\\/fra\\\/destinations\\\/\",\"name\":\"Destinations - Argentina Trails\",\"isPartOf\":{\"@id\":\"https:\\\/\\\/argentinatrails.com\\\/fra\\\/#website\"},\"datePublished\":\"2022-11-05T00:09:51+00:00\",\"dateModified\":\"2026-01-16T15:09:22+00:00\",\"inLanguage\":\"fr-FR\",\"potentialAction\":[{\"@type\":\"ReadAction\",\"target\":[\"https:\\\/\\\/argentinatrails.com\\\/fra\\\/destinations\\\/\"]}]},{\"@type\":\"WebSite\",\"@id\":\"https:\\\/\\\/argentinatrails.com\\\/fra\\\/#website\",\"url\":\"https:\\\/\\\/argentinatrails.com\\\/fra\\\/\",\"name\":\"Argentina Trails\",\"description\":\"Experience the Mountain Life\",\"potentialAction\":[{\"@type\":\"SearchAction\",\"target\":{\"@type\":\"EntryPoint\",\"urlTemplate\":\"https:\\\/\\\/argentinatrails.com\\\/fra\\\/?s={search_term_string}\"},\"query-input\":{\"@type\":\"PropertyValueSpecification\",\"valueRequired\":true,\"valueName\":\"search_term_string\"}}],\"inLanguage\":\"fr-FR\"}]}<\/script>\n<!-- \/ Yoast SEO plugin. -->","yoast_head_json":{"title":"Destinations - Argentina Trails","robots":{"index":"index","follow":"follow","max-snippet":"max-snippet:-1","max-image-preview":"max-image-preview:large","max-video-preview":"max-video-preview:-1"},"canonical":"https:\/\/argentinatrails.com\/fra\/destinations\/","og_locale":"fr_FR","og_type":"article","og_title":"Destinations - Argentina Trails","og_description":"[vc_row css=\u00a0\u00bb.vc_custom_1678907206728{margin-right: 10% !important;margin-bottom: -100px !important;margin-left: 10% !important;padding-top: 65px !important;background-position: center !important;background-repeat: no-repeat !important;background-size: cover !important;}\u00a0\u00bb][vc_column width=\u00a0\u00bb1\/2&Prime;][vc_empty_space][vc_column_text]Nous concevons des programmes d\u2019exp\u00e9ditions tout-terrain en 4WD \u00e0 travers le Nord-Ouest argentin et Salta, explorant des r\u00e9gions \u00e9loign\u00e9es et fascinantes, en traversant la [&hellip;]","og_url":"https:\/\/argentinatrails.com\/fra\/destinations\/","og_site_name":"Argentina Trails","article_modified_time":"2026-01-16T15:09:22+00:00","twitter_card":"summary_large_image","twitter_misc":{"Dur\u00e9e de lecture estim\u00e9e":"5 minutes"},"schema":{"@context":"https:\/\/schema.org","@graph":[{"@type":"WebPage","@id":"https:\/\/argentinatrails.com\/fra\/destinations\/","url":"https:\/\/argentinatrails.com\/fra\/destinations\/","name":"Destinations - Argentina Trails","isPartOf":{"@id":"https:\/\/argentinatrails.com\/fra\/#website"},"datePublished":"2022-11-05T00:09:51+00:00","dateModified":"2026-01-16T15:09:22+00:00","inLanguage":"fr-FR","potentialAction":[{"@type":"ReadAction","target":["https:\/\/argentinatrails.com\/fra\/destinations\/"]}]},{"@type":"WebSite","@id":"https:\/\/argentinatrails.com\/fra\/#website","url":"https:\/\/argentinatrails.com\/fra\/","name":"Argentina Trails","description":"Experience the Mountain Life","potentialAction":[{"@type":"SearchAction","target":{"@type":"EntryPoint","urlTemplate":"https:\/\/argentinatrails.com\/fra\/?s={search_term_string}"},"query-input":{"@type":"PropertyValueSpecification","valueRequired":true,"valueName":"search_term_string"}}],"inLanguage":"fr-FR"}]}},"_links":{"self":[{"href":"https:\/\/argentinatrails.com\/fra\/wp-json\/wp\/v2\/pages\/3642","targetHints":{"allow":["GET"]}}],"collection":[{"href":"https:\/\/argentinatrails.com\/fra\/wp-json\/wp\/v2\/pages"}],"about":[{"href":"https:\/\/argentinatrails.com\/fra\/wp-json\/wp\/v2\/types\/page"}],"author":[{"embeddable":true,"href":"https:\/\/argentinatrails.com\/fra\/wp-json\/wp\/v2\/users\/2"}],"replies":[{"embeddable":true,"href":"https:\/\/argentinatrails.com\/fra\/wp-json\/wp\/v2\/comments?post=3642"}],"version-history":[{"count":85,"href":"https:\/\/argentinatrails.com\/fra\/wp-json\/wp\/v2\/pages\/3642\/revisions"}],"predecessor-version":[{"id":4869,"href":"https:\/\/argentinatrails.com\/fra\/wp-json\/wp\/v2\/pages\/3642\/revisions\/4869"}],"wp:attachment":[{"href":"https:\/\/argentinatrails.com\/fra\/wp-json\/wp\/v2\/media?parent=3642"}],"curies":[{"name":"wp","href":"https:\/\/api.w.org\/{rel}","templated":true}]}}