{"id":3565,"date":"2022-11-04T15:24:37","date_gmt":"2022-11-04T15:24:37","guid":{"rendered":"https:\/\/argentinatrails.com\/fra\/?page_id=3565"},"modified":"2026-01-12T13:50:07","modified_gmt":"2026-01-12T13:50:07","slug":"volcan-llullaillaco","status":"publish","type":"page","link":"https:\/\/argentinatrails.com\/fra\/volcan-llullaillaco\/","title":{"rendered":"Volcan Llullaillaco"},"content":{"rendered":"<p>[vc_row anchor=\u00a0\u00bbbrief-history\u00a0\u00bb css=\u00a0\u00bb.vc_custom_1677958254887{margin-bottom: 40px !important;}\u00a0\u00bb][vc_column]<div class=\"mkdf-clients-carousel-holder mkdf-cc-hover-switch-images\">\n\t<div class=\"mkdf-cc-inner mkdf-owl-slider\" data-number-of-items=\"3\" data-enable-loop=\"yes\" data-enable-autoplay=\"yes\" data-slider-speed=\"5000\" data-slider-speed-animation=\"600\" data-enable-navigation=\"yes\" data-enable-pagination=\"no\">\n\t\t<div class=\"mkdf-cc-item mkdf-item-space mkdf-cci-no-link\">\n\t\t\t\t\t\t<img decoding=\"async\" itemprop=\"image\" class=\"mkdf-cc-image\" src=\"https:\/\/argentinatrails.com\/fra\/wp-content\/uploads\/2023\/03\/llullaillaco-1-mod.jpg\" alt=\"cumbre volcan llullaillaco\" \/>\n\t\t\t\t\t\t\t<img decoding=\"async\" itemprop=\"image\" class=\"mkdf-cc-hover-image\" src=\"https:\/\/argentinatrails.com\/fra\/wp-content\/uploads\/2023\/03\/llullaillaco-1-mod.jpg\" alt=\"cumbre volcan llullaillaco\" \/>\n\t\t\t<\/div><div class=\"mkdf-cc-item mkdf-item-space mkdf-cci-no-link\">\n\t\t\t\t\t\t<img decoding=\"async\" itemprop=\"image\" class=\"mkdf-cc-image\" src=\"https:\/\/argentinatrails.com\/fra\/wp-content\/uploads\/2025\/04\/20241227_140956-scaled-e1744201492541.jpg\" alt=\"\" \/>\n\t\t\t\t\t\t\t<img decoding=\"async\" itemprop=\"image\" class=\"mkdf-cc-hover-image\" src=\"https:\/\/argentinatrails.com\/fra\/wp-content\/uploads\/2025\/04\/20241227_140956-scaled-e1744201492541.jpg\" alt=\"\" \/>\n\t\t\t<\/div><div class=\"mkdf-cc-item mkdf-item-space mkdf-cci-no-link\">\n\t\t\t\t\t\t<img decoding=\"async\" itemprop=\"image\" class=\"mkdf-cc-image\" src=\"https:\/\/argentinatrails.com\/fra\/wp-content\/uploads\/2023\/03\/llullaillaco-4.jpg\" alt=\"campamento de alta monta\u00f1a\" \/>\n\t\t\t\t\t\t\t<img decoding=\"async\" itemprop=\"image\" class=\"mkdf-cc-hover-image\" src=\"https:\/\/argentinatrails.com\/fra\/wp-content\/uploads\/2023\/03\/llullaillaco-4.jpg\" alt=\"campamento de alta monta\u00f1a\" \/>\n\t\t\t<\/div><div class=\"mkdf-cc-item mkdf-item-space mkdf-cci-no-link\">\n\t\t\t\t\t\t<img decoding=\"async\" itemprop=\"image\" class=\"mkdf-cc-image\" src=\"https:\/\/argentinatrails.com\/fra\/wp-content\/uploads\/2023\/03\/llullaillaco-2.jpg\" alt=\"campamento volc\u00e1n llullaillaco\" \/>\n\t\t\t\t\t\t\t<img decoding=\"async\" itemprop=\"image\" class=\"mkdf-cc-hover-image\" src=\"https:\/\/argentinatrails.com\/fra\/wp-content\/uploads\/2023\/03\/llullaillaco-2.jpg\" alt=\"campamento volc\u00e1n llullaillaco\" \/>\n\t\t\t<\/div><div class=\"mkdf-cc-item mkdf-item-space mkdf-cci-no-link\">\n\t\t\t\t\t\t<img decoding=\"async\" itemprop=\"image\" class=\"mkdf-cc-image\" src=\"https:\/\/argentinatrails.com\/fra\/wp-content\/uploads\/2023\/03\/llullaillaco-3.jpg\" alt=\"expedicion de alta monta\u00f1a\" \/>\n\t\t\t\t\t\t\t<img decoding=\"async\" itemprop=\"image\" class=\"mkdf-cc-hover-image\" src=\"https:\/\/argentinatrails.com\/fra\/wp-content\/uploads\/2023\/03\/llullaillaco-3.jpg\" alt=\"expedicion de alta monta\u00f1a\" \/>\n\t\t\t<\/div><div class=\"mkdf-cc-item mkdf-item-space mkdf-cci-no-link\">\n\t\t\t\t\t\t<img decoding=\"async\" itemprop=\"image\" class=\"mkdf-cc-image\" src=\"https:\/\/argentinatrails.com\/fra\/wp-content\/uploads\/2025\/04\/WhatsApp-Image-2025-04-09-at-9.33.32-AM-e1744202091975.jpeg\" alt=\"\" \/>\n\t\t\t\t\t\t\t<img decoding=\"async\" itemprop=\"image\" class=\"mkdf-cc-hover-image\" src=\"https:\/\/argentinatrails.com\/fra\/wp-content\/uploads\/2025\/04\/WhatsApp-Image-2025-04-09-at-9.33.32-AM-e1744202091975.jpeg\" alt=\"\" \/>\n\t\t\t<\/div>\t<\/div>\n<\/div>[\/vc_column][\/vc_row][vc_row anchor=\u00a0\u00bbbrief-history\u00a0\u00bb][vc_column width=\u00a0\u00bb1\/2&Prime;]<div class=\"mkdf-section-title-holder  \" >\n\t<div class=\"mkdf-st-inner\">\n\t\t\t\t\t\t\t<h3 class=\"mkdf-st-title\" >\n                            Llullaillaco | Une exp\u00e9dition sacr\u00e9e dans les Andes de haute altitude            \t\t\t<\/h3>\n\t\t\t\t\t\t\t<\/div>\n<\/div>[\/vc_column][vc_column width=\u00a0\u00bb1\/2&Prime;][vc_column_text]<\/p>\n<p style=\"text-align: right; font-size: larger; font-style: italic;\">Une exp\u00e9dition de haute montagne, extr\u00eamement isol\u00e9e, qui exige de l\u2019exp\u00e9rience, une strat\u00e9gie d\u2019acclimatation solide et une prise de d\u00e9cision prudente.<\/p>\n<p>[\/vc_column_text][\/vc_column][\/vc_row][vc_row anchor=\u00a0\u00bbbrief-history\u00a0\u00bb][vc_column][vc_zigzag][\/vc_column][\/vc_row][vc_row anchor=\u00a0\u00bbbrief-history\u00a0\u00bb][vc_column][vc_column_text]Le Volcan Llullaillaco (6,739 m \/ 22,110 ft) est l\u2019un des volcans les plus hauts et les plus recul\u00e9s des Andes.<\/p>\n<p>Cette exp\u00e9dition s\u2019adresse \u00e0 des alpinistes exp\u00e9riment\u00e9s \u00e0 la recherche d\u2019une ascension engag\u00e9e, planifi\u00e9e de mani\u00e8re professionnelle, o\u00f9 la logistique, l\u2019acclimatation et la gestion des risques jouent un r\u00f4le cl\u00e9.<\/p>\n<p>Chaque exp\u00e9dition au Llullaillaco est con\u00e7ue sur mesure, en tenant compte de l\u2019exp\u00e9rience des participants, de leurs objectifs et du temps disponible.<\/p>\n<p><em>#ExperienceTheMountainLife<\/em>[\/vc_column_text][\/vc_column][\/vc_row][vc_row css=\u00a0\u00bb.vc_custom_1574855409312{padding-top: 72px !important;padding-bottom: 30px !important;}\u00a0\u00bb][vc_column][vc_separator][\/vc_column][\/vc_row][vc_row][vc_column][vc_tta_accordion style=\u00a0\u00bbflat\u00a0\u00bb shape=\u00a0\u00bbsquare\u00a0\u00bb active_section=\u00a0\u00bb0&Prime; collapsible_all=\u00a0\u00bbtrue\u00a0\u00bb][vc_tta_section title=\u00a0\u00bbVUE D&rsquo;ENSEMBLE\u00a0\u00bb tab_id=\u00a0\u00bb1681915651285-1ea40cb9-e1b1&Prime;][vc_column_text]<\/p>\n<ul>\n<li>Localisation : Andes Centrales \u2013 Puna de Atacama (zone frontali\u00e8re Argentine \/ Chili)<\/li>\n<li>Altitude maximale : 6 739 m \/ 22 110 ft<\/li>\n<li>Type d\u2019exp\u00e9dition : Ascension non technique d\u2019un volcan de tr\u00e8s haute altitude<\/li>\n<li>Environnement : Extr\u00eamement isol\u00e9, aride, froid et expos\u00e9 au vent<\/li>\n<li>Acc\u00e8s \/ Logistique : Approche en 4\u00d74 avec acclimatation progressive<\/li>\n<\/ul>\n<p>Cette exp\u00e9dition requiert une planification rigoureuse, une grande flexibilit\u00e9 op\u00e9rationnelle et une approche conservatrice, en raison de l\u2019altitude extr\u00eame et de l\u2019isolement de la r\u00e9gion.[\/vc_column_text][\/vc_tta_section][vc_tta_section title=\u00a0\u00bbPOURQUOI NOUS CHOISIR?\u00a0\u00bb tab_id=\u00a0\u00bb1681915651299-ade7b5c6-a2d4&Prime;][vc_column_text]Argentina Trails b\u00e9n\u00e9ficie de plus de 18 ans d\u2019exp\u00e9rience dans l\u2019organisation d\u2019exp\u00e9ditions sur cette montagne et dans toute la r\u00e9gion, avec des guides qualifi\u00e9s et certifi\u00e9s garantissant un haut niveau de professionnalisme et de s\u00e9curit\u00e9.<\/p>\n<p>La s\u00e9curit\u00e9 de nos clients est notre priorit\u00e9 absolue. C\u2019est pourquoi nous disposons de :<\/p>\n<ul>\n<li>Une infrastructure adapt\u00e9e \u00e0 la haute montagne<\/li>\n<li>Du mat\u00e9riel de premiers secours<\/li>\n<li>Des syst\u00e8mes de communication par satellite<\/li>\n<li>Un \u00e9quipement sp\u00e9cifique s\u00e9lectionn\u00e9 pour chaque exp\u00e9dition<\/li>\n<\/ul>\n<p>Nous prenons en charge chaque d\u00e9tail afin que vous puissiez vivre pleinement l\u2019exp\u00e9dition en toute s\u00e9curit\u00e9.[\/vc_column_text][\/vc_tta_section][vc_tta_section title=\u00a0\u00bb\u00c0 QUI S\u2019ADRESSE CETTE EXP\u00c9DITION\u00a0\u00bb tab_id=\u00a0\u00bb1681915699402-53fcc216-dcad\u00a0\u00bb][vc_column_text]&#x2714;&#xfe0f; Alpinistes ayant une exp\u00e9rience pr\u00e9alable au-del\u00e0 de 5 500 \u2013 6 000 m<br \/>\n&#x2714;&#xfe0f; Personnes habitu\u00e9es aux environnements de haute montagne et aux exp\u00e9ditions de plusieurs jours<br \/>\n&#x2714;&#xfe0f; Voyageurs qui privil\u00e9gient la s\u00e9curit\u00e9, une logistique fiable et un encadrement professionnel[\/vc_column_text][\/vc_tta_section][vc_tta_section title=\u00a0\u00bbLOGISTIQUE ET S\u00c9CURIT\u00c9\u00a0\u00bb tab_id=\u00a0\u00bb1768225733749-70fd197e-9f1e\u00a0\u00bb][vc_column_text]Nous assurons :<\/p>\n<ul>\n<li>Des chefs d\u2019exp\u00e9dition exp\u00e9riment\u00e9s en haute altitude<\/li>\n<li>Une logistique locale solide, avec une connaissance approfondie de la Puna<\/li>\n<li>Des communications satellitaires et des protocoles d\u2019urgence<\/li>\n<li>Des v\u00e9hicules 4\u00d74 adapt\u00e9s aux conditions extr\u00eames du d\u00e9sert d\u2019altitude<\/li>\n<li>Une approche bas\u00e9e sur la pr\u00e9vention et la gestion proactive des risques<\/li>\n<\/ul>\n<p>Le Llullaillaco est une montagne o\u00f9 l&rsquo;exp\u00e9rience de la r\u00e9gion est importante.<br \/>\nLa connaissance op\u00e9rationnelle de l&rsquo;environnement de la Puna est aussi importante que l&rsquo;exp\u00e9rience de l&rsquo;altitude.[\/vc_column_text][\/vc_tta_section][\/vc_tta_accordion][\/vc_column][\/vc_row]<\/p>\n","protected":false},"excerpt":{"rendered":"<p>[vc_row anchor=\u00a0\u00bbbrief-history\u00a0\u00bb css=\u00a0\u00bb.vc_custom_1677958254887{margin-bottom: 40px !important;}\u00a0\u00bb][vc_column][\/vc_column][\/vc_row][vc_row anchor=\u00a0\u00bbbrief-history\u00a0\u00bb][vc_column width=\u00a0\u00bb1\/2&Prime;][\/vc_column][vc_column width=\u00a0\u00bb1\/2&Prime;][vc_column_text] Une exp\u00e9dition de haute montagne, extr\u00eamement isol\u00e9e, qui exige de l\u2019exp\u00e9rience, une strat\u00e9gie d\u2019acclimatation solide et une prise de d\u00e9cision prudente. [\/vc_column_text][\/vc_column][\/vc_row][vc_row anchor=\u00a0\u00bbbrief-history\u00a0\u00bb][vc_column][vc_zigzag][\/vc_column][\/vc_row][vc_row anchor=\u00a0\u00bbbrief-history\u00a0\u00bb][vc_column][vc_column_text]Le Volcan Llullaillaco (6,739 m \/ 22,110 ft) est [&hellip;]<\/p>\n","protected":false},"author":2,"featured_media":0,"parent":0,"menu_order":0,"comment_status":"closed","ping_status":"closed","template":"","meta":{"footnotes":""},"class_list":["post-3565","page","type-page","status-publish","hentry"],"yoast_head":"<!-- This site is optimized with the Yoast SEO plugin v27.5 - https:\/\/yoast.com\/product\/yoast-seo-wordpress\/ -->\n<title>Volcan Llullaillaco - Argentina Trails<\/title>\n<meta name=\"robots\" content=\"index, follow, max-snippet:-1, max-image-preview:large, max-video-preview:-1\" \/>\n<link rel=\"canonical\" href=\"https:\/\/argentinatrails.com\/fra\/volcan-llullaillaco\/\" \/>\n<meta property=\"og:locale\" content=\"fr_FR\" \/>\n<meta property=\"og:type\" content=\"article\" \/>\n<meta property=\"og:title\" content=\"Volcan Llullaillaco - Argentina Trails\" \/>\n<meta property=\"og:description\" content=\"[vc_row anchor=\u00a0\u00bbbrief-history\u00a0\u00bb css=\u00a0\u00bb.vc_custom_1677958254887{margin-bottom: 40px !important;}\u00a0\u00bb][vc_column][\/vc_column][\/vc_row][vc_row anchor=\u00a0\u00bbbrief-history\u00a0\u00bb][vc_column width=\u00a0\u00bb1\/2&Prime;][\/vc_column][vc_column width=\u00a0\u00bb1\/2&Prime;][vc_column_text] Une exp\u00e9dition de haute montagne, extr\u00eamement isol\u00e9e, qui exige de l\u2019exp\u00e9rience, une strat\u00e9gie d\u2019acclimatation solide et une prise de d\u00e9cision prudente. [\/vc_column_text][\/vc_column][\/vc_row][vc_row anchor=\u00a0\u00bbbrief-history\u00a0\u00bb][vc_column][vc_zigzag][\/vc_column][\/vc_row][vc_row anchor=\u00a0\u00bbbrief-history\u00a0\u00bb][vc_column][vc_column_text]Le Volcan Llullaillaco (6,739 m \/ 22,110 ft) est [&hellip;]\" \/>\n<meta property=\"og:url\" content=\"https:\/\/argentinatrails.com\/fra\/volcan-llullaillaco\/\" \/>\n<meta property=\"og:site_name\" content=\"Argentina Trails\" \/>\n<meta property=\"article:modified_time\" content=\"2026-01-12T13:50:07+00:00\" \/>\n<meta name=\"twitter:card\" content=\"summary_large_image\" \/>\n<meta name=\"twitter:label1\" content=\"Dur\u00e9e de lecture estim\u00e9e\" \/>\n\t<meta name=\"twitter:data1\" content=\"5 minutes\" \/>\n<script type=\"application\/ld+json\" class=\"yoast-schema-graph\">{\"@context\":\"https:\\\/\\\/schema.org\",\"@graph\":[{\"@type\":\"WebPage\",\"@id\":\"https:\\\/\\\/argentinatrails.com\\\/fra\\\/volcan-llullaillaco\\\/\",\"url\":\"https:\\\/\\\/argentinatrails.com\\\/fra\\\/volcan-llullaillaco\\\/\",\"name\":\"Volcan Llullaillaco - Argentina Trails\",\"isPartOf\":{\"@id\":\"https:\\\/\\\/argentinatrails.com\\\/fra\\\/#website\"},\"datePublished\":\"2022-11-04T15:24:37+00:00\",\"dateModified\":\"2026-01-12T13:50:07+00:00\",\"inLanguage\":\"fr-FR\",\"potentialAction\":[{\"@type\":\"ReadAction\",\"target\":[\"https:\\\/\\\/argentinatrails.com\\\/fra\\\/volcan-llullaillaco\\\/\"]}]},{\"@type\":\"WebSite\",\"@id\":\"https:\\\/\\\/argentinatrails.com\\\/fra\\\/#website\",\"url\":\"https:\\\/\\\/argentinatrails.com\\\/fra\\\/\",\"name\":\"Argentina Trails\",\"description\":\"Experience the Mountain Life\",\"potentialAction\":[{\"@type\":\"SearchAction\",\"target\":{\"@type\":\"EntryPoint\",\"urlTemplate\":\"https:\\\/\\\/argentinatrails.com\\\/fra\\\/?s={search_term_string}\"},\"query-input\":{\"@type\":\"PropertyValueSpecification\",\"valueRequired\":true,\"valueName\":\"search_term_string\"}}],\"inLanguage\":\"fr-FR\"}]}<\/script>\n<!-- \/ Yoast SEO plugin. -->","yoast_head_json":{"title":"Volcan Llullaillaco - Argentina Trails","robots":{"index":"index","follow":"follow","max-snippet":"max-snippet:-1","max-image-preview":"max-image-preview:large","max-video-preview":"max-video-preview:-1"},"canonical":"https:\/\/argentinatrails.com\/fra\/volcan-llullaillaco\/","og_locale":"fr_FR","og_type":"article","og_title":"Volcan Llullaillaco - Argentina Trails","og_description":"[vc_row anchor=\u00a0\u00bbbrief-history\u00a0\u00bb css=\u00a0\u00bb.vc_custom_1677958254887{margin-bottom: 40px !important;}\u00a0\u00bb][vc_column][\/vc_column][\/vc_row][vc_row anchor=\u00a0\u00bbbrief-history\u00a0\u00bb][vc_column width=\u00a0\u00bb1\/2&Prime;][\/vc_column][vc_column width=\u00a0\u00bb1\/2&Prime;][vc_column_text] Une exp\u00e9dition de haute montagne, extr\u00eamement isol\u00e9e, qui exige de l\u2019exp\u00e9rience, une strat\u00e9gie d\u2019acclimatation solide et une prise de d\u00e9cision prudente. [\/vc_column_text][\/vc_column][\/vc_row][vc_row anchor=\u00a0\u00bbbrief-history\u00a0\u00bb][vc_column][vc_zigzag][\/vc_column][\/vc_row][vc_row anchor=\u00a0\u00bbbrief-history\u00a0\u00bb][vc_column][vc_column_text]Le Volcan Llullaillaco (6,739 m \/ 22,110 ft) est [&hellip;]","og_url":"https:\/\/argentinatrails.com\/fra\/volcan-llullaillaco\/","og_site_name":"Argentina Trails","article_modified_time":"2026-01-12T13:50:07+00:00","twitter_card":"summary_large_image","twitter_misc":{"Dur\u00e9e de lecture estim\u00e9e":"5 minutes"},"schema":{"@context":"https:\/\/schema.org","@graph":[{"@type":"WebPage","@id":"https:\/\/argentinatrails.com\/fra\/volcan-llullaillaco\/","url":"https:\/\/argentinatrails.com\/fra\/volcan-llullaillaco\/","name":"Volcan Llullaillaco - Argentina Trails","isPartOf":{"@id":"https:\/\/argentinatrails.com\/fra\/#website"},"datePublished":"2022-11-04T15:24:37+00:00","dateModified":"2026-01-12T13:50:07+00:00","inLanguage":"fr-FR","potentialAction":[{"@type":"ReadAction","target":["https:\/\/argentinatrails.com\/fra\/volcan-llullaillaco\/"]}]},{"@type":"WebSite","@id":"https:\/\/argentinatrails.com\/fra\/#website","url":"https:\/\/argentinatrails.com\/fra\/","name":"Argentina Trails","description":"Experience the Mountain Life","potentialAction":[{"@type":"SearchAction","target":{"@type":"EntryPoint","urlTemplate":"https:\/\/argentinatrails.com\/fra\/?s={search_term_string}"},"query-input":{"@type":"PropertyValueSpecification","valueRequired":true,"valueName":"search_term_string"}}],"inLanguage":"fr-FR"}]}},"_links":{"self":[{"href":"https:\/\/argentinatrails.com\/fra\/wp-json\/wp\/v2\/pages\/3565","targetHints":{"allow":["GET"]}}],"collection":[{"href":"https:\/\/argentinatrails.com\/fra\/wp-json\/wp\/v2\/pages"}],"about":[{"href":"https:\/\/argentinatrails.com\/fra\/wp-json\/wp\/v2\/types\/page"}],"author":[{"embeddable":true,"href":"https:\/\/argentinatrails.com\/fra\/wp-json\/wp\/v2\/users\/2"}],"replies":[{"embeddable":true,"href":"https:\/\/argentinatrails.com\/fra\/wp-json\/wp\/v2\/comments?post=3565"}],"version-history":[{"count":33,"href":"https:\/\/argentinatrails.com\/fra\/wp-json\/wp\/v2\/pages\/3565\/revisions"}],"predecessor-version":[{"id":4866,"href":"https:\/\/argentinatrails.com\/fra\/wp-json\/wp\/v2\/pages\/3565\/revisions\/4866"}],"wp:attachment":[{"href":"https:\/\/argentinatrails.com\/fra\/wp-json\/wp\/v2\/media?parent=3565"}],"curies":[{"name":"wp","href":"https:\/\/api.w.org\/{rel}","templated":true}]}}