{"id":2077,"date":"2019-10-31T08:01:26","date_gmt":"2019-10-31T08:01:26","guid":{"rendered":"https:\/\/wanderland.qodeinteractive.com\/?page_id=2077"},"modified":"2025-04-09T14:11:27","modified_gmt":"2025-04-09T14:11:27","slug":"alpinisme","status":"publish","type":"page","link":"https:\/\/argentinatrails.com\/fra\/alpinisme\/","title":{"rendered":"Alpinisme"},"content":{"rendered":"<p>[vc_row css=\u00a0\u00bb.vc_custom_1668735715456{padding-top: 65px !important;background-position: center !important;background-repeat: no-repeat !important;background-size: cover !important;}\u00a0\u00bb][vc_column]<div class=\"mkdf-elements-holder   mkdf-two-columns  mkdf-responsive-mode-1024 \" ><div class=\"mkdf-eh-item    \"  data-item-class=\"mkdf-eh-custom-7661\" data-1400-1600=\"50px 5% 50px 12%\" data-1025-1399=\"50px 7% 50px 12%\" data-769-1024=\"75px 0 50px 12%\" data-681-768=\"75px 12% 50px 12%\" data-680=\"110px 6% 30px\">\n\t<div class=\"mkdf-eh-item-inner\">\n\t\t<div class=\"mkdf-eh-item-content mkdf-eh-custom-7661\" style=\"padding: 0 30px 50px 24%\">\n\t\t\t<div class=\"mkdf-single-image-holder   \">\n    <div class=\"mkdf-si-inner\" >\n                                    <img loading=\"lazy\" decoding=\"async\" width=\"465\" height=\"620\" src=\"https:\/\/argentinatrails.com\/fra\/wp-content\/uploads\/2025\/04\/Edit-Bonete-2025-9-e1744207464327.jpeg\" class=\"attachment-full size-full\" alt=\"\" srcset=\"https:\/\/argentinatrails.com\/fra\/wp-content\/uploads\/2025\/04\/Edit-Bonete-2025-9-e1744207464327.jpeg 465w, https:\/\/argentinatrails.com\/fra\/wp-content\/uploads\/2025\/04\/Edit-Bonete-2025-9-e1744207464327-225x300.jpeg 225w\" sizes=\"auto, (max-width: 465px) 100vw, 465px\" \/>                        <\/div>\n<\/div>\t\t<\/div>\n\t<\/div>\n<\/div><div class=\"mkdf-eh-item  mkdf-vertical-alignment-top  \"  data-item-class=\"mkdf-eh-custom-1258\" data-1400-1600=\"35px 7% 50px 10px\" data-1025-1399=\"35px 7% 50px 0\" data-769-1024=\"0 21% 50px 60px\" data-681-768=\"0 12% 50px 77px\" data-680=\"35px 30px 50px 30px\">\n\t<div class=\"mkdf-eh-item-inner\">\n\t\t<div class=\"mkdf-eh-item-content mkdf-eh-custom-1258\" style=\"padding: 35px 21% 125px 7px\">\n\t\t\t<div class=\"mkdf-section-title-holder   mkdf-st-highlight\" style=\"text-align: left\">\n\t<div class=\"mkdf-st-inner\">\n\t\t\t\t\t\t\t<h3 class=\"mkdf-st-title\" >\n                            POURQUOI NOUS CHOISIR ?            \t\t\t<\/h3>\n\t\t\t\t\t\t\t<\/div>\n<\/div>[vc_column_text]<span style=\"font-weight: 400; font-size: 14pt;\">Nous nous d\u00e9marquons gr\u00e2ce \u00e0 nos plus de 18 ann\u00e9es d&rsquo;exp\u00e9rience dans l&rsquo;organisation d&rsquo;exp\u00e9ditions en montagne de la r\u00e9gion, o\u00f9 nos guides qualifi\u00e9s et certifi\u00e9s vous offriront une exp\u00e9rience de haute qualit\u00e9 en vous apportant soutien et s\u00e9curit\u00e9.<\/span><\/p>\n<p>&nbsp;<\/p>\n<p><span style=\"font-weight: 400; font-size: 14pt;\">Nous accordons la priorit\u00e9 \u00e0 la s\u00e9curit\u00e9 de nos clients, c&rsquo;est pourquoi nous disposons de l&rsquo;exp\u00e9rience et de la meilleure infrastructure, de trousses de premiers secours, de syst\u00e8mes de communication par satellite et d&rsquo;\u00e9quipements de montagne adapt\u00e9s aux exigences de chaque exp\u00e9dition. Nous veillons \u00e0 chaque d\u00e9tail afin que vous puissiez profiter pleinement de chaque exp\u00e9dition en toute s\u00e9curit\u00e9.<\/span><\/p>\n<p>&nbsp;<\/p>\n<p><span style=\"font-weight: 400; font-size: 14pt;\">Nos exp\u00e9ditions sont centr\u00e9es sur le client. C&rsquo;est pourquoi nous concevons chacune d&rsquo;entre elles en fonction des besoins de chaque alpiniste, en planifiant une acclimatation ad\u00e9quate.<\/span>[\/vc_column_text]\t\t<\/div>\n\t<\/div>\n<\/div><\/div>[\/vc_column][\/vc_row][vc_row css=\u00a0\u00bb.vc_custom_1677949576415{background-position: center !important;background-repeat: no-repeat !important;background-size: cover !important;}\u00a0\u00bb][vc_column][vc_zigzag el_width=\u00a0\u00bb80&Prime;][\/vc_column][\/vc_row][vc_row css=\u00a0\u00bb.vc_custom_1677949576415{background-position: center !important;background-repeat: no-repeat !important;background-size: cover !important;}\u00a0\u00bb][vc_column]<div class=\"mkdf-section-title-holder   mkdf-center-align\" style=\"text-align: center\">\n\t<div class=\"mkdf-st-inner\">\n\t\t\t\t\t\t\t<h3 class=\"mkdf-st-title\" >\n                            CERTAINES DE NOS EXP\u00c9DITIONS D'ALPINISME            \t\t\t<\/h3>\n\t\t\t\t\t\t\t<\/div>\n<\/div>[\/vc_column][\/vc_row][vc_row css=\u00a0\u00bb.vc_custom_1668735715456{padding-top: 65px !important;background-position: center !important;background-repeat: no-repeat !important;background-size: cover !important;}\u00a0\u00bb][vc_column width=\u00a0\u00bb1\/6&Prime;][\/vc_column][vc_column width=\u00a0\u00bb2\/3&Prime;][vc_row_inner css=\u00a0\u00bb.vc_custom_1677969326659{margin-bottom: 40px !important;}\u00a0\u00bb][vc_column_inner width=\u00a0\u00bb1\/2&Prime;]<div class=\"mkdf-section-title-holder   mkdf-center-align\" style=\"text-align: center\">\n\t<div class=\"mkdf-st-inner\">\n\t\t\t\t\t\t\t<h5 class=\"mkdf-st-title\" >\n                            Volcan Llullaillaco (6.739m)            \t\t\t<\/h5>\n\t\t\t\t\t\t\t<\/div>\n<\/div><div class=\"mkdf-single-image-holder   mkdf-image-behavior-custom-link\">\n    <div class=\"mkdf-si-inner\" >\n        \t            <a itemprop=\"url\" href=\"https:\/\/argentinatrails.com\/fra\/volcan-llullaillaco\/\" target=\"_self\">\n                                    <img loading=\"lazy\" decoding=\"async\" width=\"2000\" height=\"500\" src=\"https:\/\/argentinatrails.com\/fra\/wp-content\/uploads\/2023\/03\/volcan-llullaillaco.jpg\" class=\"attachment-full size-full\" alt=\"\" srcset=\"https:\/\/argentinatrails.com\/fra\/wp-content\/uploads\/2023\/03\/volcan-llullaillaco.jpg 2000w, https:\/\/argentinatrails.com\/fra\/wp-content\/uploads\/2023\/03\/volcan-llullaillaco-300x75.jpg 300w, https:\/\/argentinatrails.com\/fra\/wp-content\/uploads\/2023\/03\/volcan-llullaillaco-1024x256.jpg 1024w, https:\/\/argentinatrails.com\/fra\/wp-content\/uploads\/2023\/03\/volcan-llullaillaco-768x192.jpg 768w, https:\/\/argentinatrails.com\/fra\/wp-content\/uploads\/2023\/03\/volcan-llullaillaco-1536x384.jpg 1536w, https:\/\/argentinatrails.com\/fra\/wp-content\/uploads\/2023\/03\/volcan-llullaillaco-600x150.jpg 600w\" sizes=\"auto, (max-width: 2000px) 100vw, 2000px\" \/>                                <\/a>\n            <\/div>\n<\/div>[\/vc_column_inner][vc_column_inner width=\u00a0\u00bb1\/2&Prime;]<div class=\"mkdf-section-title-holder   mkdf-center-align\" style=\"text-align: center\">\n\t<div class=\"mkdf-st-inner\">\n\t\t\t\t\t\t\t<h5 class=\"mkdf-st-title\" >\n                            Ojos del Salado (6.893m)            \t\t\t<\/h5>\n\t\t\t\t\t\t\t<\/div>\n<\/div><div class=\"mkdf-single-image-holder   mkdf-image-behavior-custom-link\">\n    <div class=\"mkdf-si-inner\" >\n        \t            <a itemprop=\"url\" href=\"https:\/\/argentinatrails.com\/fra\/ojos-del-salado\/\" target=\"_self\">\n                                    <img loading=\"lazy\" decoding=\"async\" width=\"2000\" height=\"500\" src=\"https:\/\/argentinatrails.com\/fra\/wp-content\/uploads\/2023\/03\/ojosl-del-salado.jpg\" class=\"attachment-full size-full\" alt=\"\" srcset=\"https:\/\/argentinatrails.com\/fra\/wp-content\/uploads\/2023\/03\/ojosl-del-salado.jpg 2000w, https:\/\/argentinatrails.com\/fra\/wp-content\/uploads\/2023\/03\/ojosl-del-salado-300x75.jpg 300w, https:\/\/argentinatrails.com\/fra\/wp-content\/uploads\/2023\/03\/ojosl-del-salado-1024x256.jpg 1024w, https:\/\/argentinatrails.com\/fra\/wp-content\/uploads\/2023\/03\/ojosl-del-salado-768x192.jpg 768w, https:\/\/argentinatrails.com\/fra\/wp-content\/uploads\/2023\/03\/ojosl-del-salado-1536x384.jpg 1536w, https:\/\/argentinatrails.com\/fra\/wp-content\/uploads\/2023\/03\/ojosl-del-salado-600x150.jpg 600w\" sizes=\"auto, (max-width: 2000px) 100vw, 2000px\" \/>                                <\/a>\n            <\/div>\n<\/div>[\/vc_column_inner][vc_column_inner width=\u00a0\u00bb1\/2&Prime;]<div class=\"mkdf-section-title-holder   mkdf-center-align\" style=\"text-align: center\">\n\t<div class=\"mkdf-st-inner\">\n\t\t\t\t\t\t\t<h5 class=\"mkdf-st-title\" >\n                            Mont Pissis (6.795m)            \t\t\t<\/h5>\n\t\t\t\t\t\t\t<\/div>\n<\/div><div class=\"mkdf-single-image-holder   mkdf-image-behavior-custom-link\">\n    <div class=\"mkdf-si-inner\" >\n        \t            <a itemprop=\"url\" href=\"https:\/\/argentinatrails.com\/fra\/mont-pissis\/\" target=\"_self\">\n                                    <img loading=\"lazy\" decoding=\"async\" width=\"2000\" height=\"500\" src=\"https:\/\/argentinatrails.com\/fra\/wp-content\/uploads\/2020\/01\/header-pissis.jpg\" class=\"attachment-full size-full\" alt=\"\" srcset=\"https:\/\/argentinatrails.com\/fra\/wp-content\/uploads\/2020\/01\/header-pissis.jpg 2000w, https:\/\/argentinatrails.com\/fra\/wp-content\/uploads\/2020\/01\/header-pissis-300x75.jpg 300w, https:\/\/argentinatrails.com\/fra\/wp-content\/uploads\/2020\/01\/header-pissis-1024x256.jpg 1024w, https:\/\/argentinatrails.com\/fra\/wp-content\/uploads\/2020\/01\/header-pissis-768x192.jpg 768w, https:\/\/argentinatrails.com\/fra\/wp-content\/uploads\/2020\/01\/header-pissis-1536x384.jpg 1536w, https:\/\/argentinatrails.com\/fra\/wp-content\/uploads\/2020\/01\/header-pissis-600x150.jpg 600w\" sizes=\"auto, (max-width: 2000px) 100vw, 2000px\" \/>                                <\/a>\n            <\/div>\n<\/div>[\/vc_column_inner][vc_column_inner width=\u00a0\u00bb1\/2&Prime;]<div class=\"mkdf-section-title-holder   mkdf-center-align\" style=\"text-align: center\">\n\t<div class=\"mkdf-st-inner\">\n\t\t\t\t\t\t\t<h5 class=\"mkdf-st-title\" >\n                            Volcan Incahuasi (6.638m)            \t\t\t<\/h5>\n\t\t\t\t\t\t\t<\/div>\n<\/div><div class=\"mkdf-single-image-holder   mkdf-image-behavior-custom-link\">\n    <div class=\"mkdf-si-inner\" >\n        \t            <a itemprop=\"url\" href=\"https:\/\/argentinatrails.com\/fra\/volcan-incahuasi\/\" target=\"_self\">\n                                    <img loading=\"lazy\" decoding=\"async\" width=\"1920\" height=\"499\" src=\"https:\/\/argentinatrails.com\/fra\/wp-content\/uploads\/2023\/03\/volcan-incahuasi-3.jpg\" class=\"attachment-full size-full\" alt=\"\" srcset=\"https:\/\/argentinatrails.com\/fra\/wp-content\/uploads\/2023\/03\/volcan-incahuasi-3.jpg 1920w, https:\/\/argentinatrails.com\/fra\/wp-content\/uploads\/2023\/03\/volcan-incahuasi-3-300x78.jpg 300w, https:\/\/argentinatrails.com\/fra\/wp-content\/uploads\/2023\/03\/volcan-incahuasi-3-1024x266.jpg 1024w, https:\/\/argentinatrails.com\/fra\/wp-content\/uploads\/2023\/03\/volcan-incahuasi-3-768x200.jpg 768w, https:\/\/argentinatrails.com\/fra\/wp-content\/uploads\/2023\/03\/volcan-incahuasi-3-1536x399.jpg 1536w, https:\/\/argentinatrails.com\/fra\/wp-content\/uploads\/2023\/03\/volcan-incahuasi-3-600x156.jpg 600w\" sizes=\"auto, (max-width: 1920px) 100vw, 1920px\" \/>                                <\/a>\n            <\/div>\n<\/div>[\/vc_column_inner][vc_column_inner width=\u00a0\u00bb1\/2&Prime;]<div class=\"mkdf-section-title-holder   mkdf-center-align\" style=\"text-align: center\">\n\t<div class=\"mkdf-st-inner\">\n\t\t\t\t\t\t\t<h5 class=\"mkdf-st-title\" >\n                            Mont Cachi (6.380m)            \t\t\t<\/h5>\n\t\t\t\t\t\t\t<\/div>\n<\/div><div class=\"mkdf-single-image-holder   mkdf-image-behavior-custom-link\">\n    <div class=\"mkdf-si-inner\" >\n        \t            <a itemprop=\"url\" href=\"https:\/\/argentinatrails.com\/fra\/mont-cachi\/\" target=\"_self\">\n                                    <img loading=\"lazy\" decoding=\"async\" width=\"2000\" height=\"500\" src=\"https:\/\/argentinatrails.com\/fra\/wp-content\/uploads\/2023\/03\/nevado-cachi-.jpg\" class=\"attachment-full size-full\" alt=\"\" srcset=\"https:\/\/argentinatrails.com\/fra\/wp-content\/uploads\/2023\/03\/nevado-cachi-.jpg 2000w, https:\/\/argentinatrails.com\/fra\/wp-content\/uploads\/2023\/03\/nevado-cachi--300x75.jpg 300w, https:\/\/argentinatrails.com\/fra\/wp-content\/uploads\/2023\/03\/nevado-cachi--1024x256.jpg 1024w, https:\/\/argentinatrails.com\/fra\/wp-content\/uploads\/2023\/03\/nevado-cachi--768x192.jpg 768w, https:\/\/argentinatrails.com\/fra\/wp-content\/uploads\/2023\/03\/nevado-cachi--1536x384.jpg 1536w, https:\/\/argentinatrails.com\/fra\/wp-content\/uploads\/2023\/03\/nevado-cachi--600x150.jpg 600w\" sizes=\"auto, (max-width: 2000px) 100vw, 2000px\" \/>                                <\/a>\n            <\/div>\n<\/div>[\/vc_column_inner][vc_column_inner width=\u00a0\u00bb1\/2&Prime;]<div class=\"mkdf-section-title-holder   mkdf-center-align\" style=\"text-align: center\">\n\t<div class=\"mkdf-st-inner\">\n\t\t\t\t\t\t\t<h5 class=\"mkdf-st-title\" >\n                            Mont Cha\u00f1i (5.896m)            \t\t\t<\/h5>\n\t\t\t\t\t\t\t<\/div>\n<\/div><div class=\"mkdf-single-image-holder   mkdf-image-behavior-custom-link\">\n    <div class=\"mkdf-si-inner\" >\n        \t            <a itemprop=\"url\" href=\"https:\/\/argentinatrails.com\/fra\/mont-chani\/\" target=\"_self\">\n                                    <img loading=\"lazy\" decoding=\"async\" width=\"2000\" height=\"500\" src=\"https:\/\/argentinatrails.com\/fra\/wp-content\/uploads\/2023\/03\/nevadochani.jpg\" class=\"attachment-full size-full\" alt=\"\" srcset=\"https:\/\/argentinatrails.com\/fra\/wp-content\/uploads\/2023\/03\/nevadochani.jpg 2000w, https:\/\/argentinatrails.com\/fra\/wp-content\/uploads\/2023\/03\/nevadochani-300x75.jpg 300w, https:\/\/argentinatrails.com\/fra\/wp-content\/uploads\/2023\/03\/nevadochani-1024x256.jpg 1024w, https:\/\/argentinatrails.com\/fra\/wp-content\/uploads\/2023\/03\/nevadochani-768x192.jpg 768w, https:\/\/argentinatrails.com\/fra\/wp-content\/uploads\/2023\/03\/nevadochani-1536x384.jpg 1536w, https:\/\/argentinatrails.com\/fra\/wp-content\/uploads\/2023\/03\/nevadochani-600x150.jpg 600w\" sizes=\"auto, (max-width: 2000px) 100vw, 2000px\" \/>                                <\/a>\n            <\/div>\n<\/div>[\/vc_column_inner][\/vc_row_inner][vc_row_inner][vc_column_inner width=\u00a0\u00bb1\/2&Prime;]<div class=\"mkdf-section-title-holder   mkdf-center-align\" style=\"text-align: center\">\n\t<div class=\"mkdf-st-inner\">\n\t\t\t\t\t\t\t<h5 class=\"mkdf-st-title\" >\n                            Mont Mercedario (6.720m)            \t\t\t<\/h5>\n\t\t\t\t\t\t\t<\/div>\n<\/div><div class=\"mkdf-single-image-holder   mkdf-image-behavior-custom-link\">\n    <div class=\"mkdf-si-inner\" >\n        \t            <a itemprop=\"url\" href=\"https:\/\/argentinatrails.com\/fra\/mont-mercedario\/\" target=\"_self\">\n                                    <img loading=\"lazy\" decoding=\"async\" width=\"1536\" height=\"384\" src=\"https:\/\/argentinatrails.com\/fra\/wp-content\/uploads\/2024\/02\/WhatsApp-Image-2024-02-08-at-10-e1707407054260.png\" class=\"attachment-full size-full\" alt=\"\" srcset=\"https:\/\/argentinatrails.com\/fra\/wp-content\/uploads\/2024\/02\/WhatsApp-Image-2024-02-08-at-10-e1707407054260.png 1536w, https:\/\/argentinatrails.com\/fra\/wp-content\/uploads\/2024\/02\/WhatsApp-Image-2024-02-08-at-10-e1707407054260-300x75.png 300w, https:\/\/argentinatrails.com\/fra\/wp-content\/uploads\/2024\/02\/WhatsApp-Image-2024-02-08-at-10-e1707407054260-1024x256.png 1024w, https:\/\/argentinatrails.com\/fra\/wp-content\/uploads\/2024\/02\/WhatsApp-Image-2024-02-08-at-10-e1707407054260-768x192.png 768w, https:\/\/argentinatrails.com\/fra\/wp-content\/uploads\/2024\/02\/WhatsApp-Image-2024-02-08-at-10-e1707407054260-600x150.png 600w\" sizes=\"auto, (max-width: 1536px) 100vw, 1536px\" \/>                                <\/a>\n            <\/div>\n<\/div>[\/vc_column_inner][\/vc_row_inner][vc_empty_space height=\u00a0\u00bb64px\u00a0\u00bb][\/vc_column][vc_column width=\u00a0\u00bb1\/6&Prime;][\/vc_column][\/vc_row]<\/p>\n","protected":false},"excerpt":{"rendered":"<p>[vc_row css=\u00a0\u00bb.vc_custom_1668735715456{padding-top: 65px !important;background-position: center !important;background-repeat: no-repeat !important;background-size: cover !important;}\u00a0\u00bb][vc_column][\/vc_column][\/vc_row][vc_row css=\u00a0\u00bb.vc_custom_1677949576415{background-position: center !important;background-repeat: no-repeat !important;background-size: cover !important;}\u00a0\u00bb][vc_column][vc_zigzag el_width=\u00a0\u00bb80&Prime;][\/vc_column][\/vc_row][vc_row css=\u00a0\u00bb.vc_custom_1677949576415{background-position: center !important;background-repeat: no-repeat !important;background-size: cover !important;}\u00a0\u00bb][vc_column][\/vc_column][\/vc_row][vc_row css=\u00a0\u00bb.vc_custom_1668735715456{padding-top: 65px !important;background-position: center !important;background-repeat: no-repeat !important;background-size: cover !important;}\u00a0\u00bb][vc_column width=\u00a0\u00bb1\/6&Prime;][\/vc_column][vc_column width=\u00a0\u00bb2\/3&Prime;][vc_row_inner css=\u00a0\u00bb.vc_custom_1677969326659{margin-bottom: 40px !important;}\u00a0\u00bb][vc_column_inner width=\u00a0\u00bb1\/2&Prime;][\/vc_column_inner][vc_column_inner [&hellip;]<\/p>\n","protected":false},"author":2,"featured_media":0,"parent":0,"menu_order":0,"comment_status":"closed","ping_status":"closed","template":"full-width.php","meta":{"footnotes":""},"class_list":["post-2077","page","type-page","status-publish","hentry"],"yoast_head":"<!-- This site is optimized with the Yoast SEO plugin v27.3 - https:\/\/yoast.com\/product\/yoast-seo-wordpress\/ -->\n<title>Alpinisme - Argentina Trails<\/title>\n<meta name=\"robots\" content=\"index, follow, max-snippet:-1, max-image-preview:large, max-video-preview:-1\" \/>\n<link rel=\"canonical\" href=\"https:\/\/argentinatrails.com\/fra\/alpinisme\/\" \/>\n<meta property=\"og:locale\" content=\"fr_FR\" \/>\n<meta property=\"og:type\" content=\"article\" \/>\n<meta property=\"og:title\" content=\"Alpinisme - Argentina Trails\" \/>\n<meta property=\"og:description\" content=\"[vc_row css=\u00a0\u00bb.vc_custom_1668735715456{padding-top: 65px !important;background-position: center !important;background-repeat: no-repeat !important;background-size: cover !important;}\u00a0\u00bb][vc_column][\/vc_column][\/vc_row][vc_row css=\u00a0\u00bb.vc_custom_1677949576415{background-position: center !important;background-repeat: no-repeat !important;background-size: cover !important;}\u00a0\u00bb][vc_column][vc_zigzag el_width=\u00a0\u00bb80&Prime;][\/vc_column][\/vc_row][vc_row css=\u00a0\u00bb.vc_custom_1677949576415{background-position: center !important;background-repeat: no-repeat !important;background-size: cover !important;}\u00a0\u00bb][vc_column][\/vc_column][\/vc_row][vc_row css=\u00a0\u00bb.vc_custom_1668735715456{padding-top: 65px !important;background-position: center !important;background-repeat: no-repeat !important;background-size: cover !important;}\u00a0\u00bb][vc_column width=\u00a0\u00bb1\/6&Prime;][\/vc_column][vc_column width=\u00a0\u00bb2\/3&Prime;][vc_row_inner css=\u00a0\u00bb.vc_custom_1677969326659{margin-bottom: 40px !important;}\u00a0\u00bb][vc_column_inner width=\u00a0\u00bb1\/2&Prime;][\/vc_column_inner][vc_column_inner [&hellip;]\" \/>\n<meta property=\"og:url\" content=\"https:\/\/argentinatrails.com\/fra\/alpinisme\/\" \/>\n<meta property=\"og:site_name\" content=\"Argentina Trails\" \/>\n<meta property=\"article:modified_time\" content=\"2025-04-09T14:11:27+00:00\" \/>\n<meta name=\"twitter:card\" content=\"summary_large_image\" \/>\n<meta name=\"twitter:label1\" content=\"Dur\u00e9e de lecture estim\u00e9e\" \/>\n\t<meta name=\"twitter:data1\" content=\"4 minutes\" \/>\n<script type=\"application\/ld+json\" class=\"yoast-schema-graph\">{\"@context\":\"https:\\\/\\\/schema.org\",\"@graph\":[{\"@type\":\"WebPage\",\"@id\":\"https:\\\/\\\/argentinatrails.com\\\/fra\\\/alpinisme\\\/\",\"url\":\"https:\\\/\\\/argentinatrails.com\\\/fra\\\/alpinisme\\\/\",\"name\":\"Alpinisme - Argentina Trails\",\"isPartOf\":{\"@id\":\"https:\\\/\\\/argentinatrails.com\\\/fra\\\/#website\"},\"datePublished\":\"2019-10-31T08:01:26+00:00\",\"dateModified\":\"2025-04-09T14:11:27+00:00\",\"inLanguage\":\"fr-FR\",\"potentialAction\":[{\"@type\":\"ReadAction\",\"target\":[\"https:\\\/\\\/argentinatrails.com\\\/fra\\\/alpinisme\\\/\"]}]},{\"@type\":\"WebSite\",\"@id\":\"https:\\\/\\\/argentinatrails.com\\\/fra\\\/#website\",\"url\":\"https:\\\/\\\/argentinatrails.com\\\/fra\\\/\",\"name\":\"Argentina Trails\",\"description\":\"Experience the Mountain Life\",\"potentialAction\":[{\"@type\":\"SearchAction\",\"target\":{\"@type\":\"EntryPoint\",\"urlTemplate\":\"https:\\\/\\\/argentinatrails.com\\\/fra\\\/?s={search_term_string}\"},\"query-input\":{\"@type\":\"PropertyValueSpecification\",\"valueRequired\":true,\"valueName\":\"search_term_string\"}}],\"inLanguage\":\"fr-FR\"}]}<\/script>\n<!-- \/ Yoast SEO plugin. -->","yoast_head_json":{"title":"Alpinisme - Argentina Trails","robots":{"index":"index","follow":"follow","max-snippet":"max-snippet:-1","max-image-preview":"max-image-preview:large","max-video-preview":"max-video-preview:-1"},"canonical":"https:\/\/argentinatrails.com\/fra\/alpinisme\/","og_locale":"fr_FR","og_type":"article","og_title":"Alpinisme - Argentina Trails","og_description":"[vc_row css=\u00a0\u00bb.vc_custom_1668735715456{padding-top: 65px !important;background-position: center !important;background-repeat: no-repeat !important;background-size: cover !important;}\u00a0\u00bb][vc_column][\/vc_column][\/vc_row][vc_row css=\u00a0\u00bb.vc_custom_1677949576415{background-position: center !important;background-repeat: no-repeat !important;background-size: cover !important;}\u00a0\u00bb][vc_column][vc_zigzag el_width=\u00a0\u00bb80&Prime;][\/vc_column][\/vc_row][vc_row css=\u00a0\u00bb.vc_custom_1677949576415{background-position: center !important;background-repeat: no-repeat !important;background-size: cover !important;}\u00a0\u00bb][vc_column][\/vc_column][\/vc_row][vc_row css=\u00a0\u00bb.vc_custom_1668735715456{padding-top: 65px !important;background-position: center !important;background-repeat: no-repeat !important;background-size: cover !important;}\u00a0\u00bb][vc_column width=\u00a0\u00bb1\/6&Prime;][\/vc_column][vc_column width=\u00a0\u00bb2\/3&Prime;][vc_row_inner css=\u00a0\u00bb.vc_custom_1677969326659{margin-bottom: 40px !important;}\u00a0\u00bb][vc_column_inner width=\u00a0\u00bb1\/2&Prime;][\/vc_column_inner][vc_column_inner [&hellip;]","og_url":"https:\/\/argentinatrails.com\/fra\/alpinisme\/","og_site_name":"Argentina Trails","article_modified_time":"2025-04-09T14:11:27+00:00","twitter_card":"summary_large_image","twitter_misc":{"Dur\u00e9e de lecture estim\u00e9e":"4 minutes"},"schema":{"@context":"https:\/\/schema.org","@graph":[{"@type":"WebPage","@id":"https:\/\/argentinatrails.com\/fra\/alpinisme\/","url":"https:\/\/argentinatrails.com\/fra\/alpinisme\/","name":"Alpinisme - Argentina Trails","isPartOf":{"@id":"https:\/\/argentinatrails.com\/fra\/#website"},"datePublished":"2019-10-31T08:01:26+00:00","dateModified":"2025-04-09T14:11:27+00:00","inLanguage":"fr-FR","potentialAction":[{"@type":"ReadAction","target":["https:\/\/argentinatrails.com\/fra\/alpinisme\/"]}]},{"@type":"WebSite","@id":"https:\/\/argentinatrails.com\/fra\/#website","url":"https:\/\/argentinatrails.com\/fra\/","name":"Argentina Trails","description":"Experience the Mountain Life","potentialAction":[{"@type":"SearchAction","target":{"@type":"EntryPoint","urlTemplate":"https:\/\/argentinatrails.com\/fra\/?s={search_term_string}"},"query-input":{"@type":"PropertyValueSpecification","valueRequired":true,"valueName":"search_term_string"}}],"inLanguage":"fr-FR"}]}},"_links":{"self":[{"href":"https:\/\/argentinatrails.com\/fra\/wp-json\/wp\/v2\/pages\/2077","targetHints":{"allow":["GET"]}}],"collection":[{"href":"https:\/\/argentinatrails.com\/fra\/wp-json\/wp\/v2\/pages"}],"about":[{"href":"https:\/\/argentinatrails.com\/fra\/wp-json\/wp\/v2\/types\/page"}],"author":[{"embeddable":true,"href":"https:\/\/argentinatrails.com\/fra\/wp-json\/wp\/v2\/users\/2"}],"replies":[{"embeddable":true,"href":"https:\/\/argentinatrails.com\/fra\/wp-json\/wp\/v2\/comments?post=2077"}],"version-history":[{"count":92,"href":"https:\/\/argentinatrails.com\/fra\/wp-json\/wp\/v2\/pages\/2077\/revisions"}],"predecessor-version":[{"id":4852,"href":"https:\/\/argentinatrails.com\/fra\/wp-json\/wp\/v2\/pages\/2077\/revisions\/4852"}],"wp:attachment":[{"href":"https:\/\/argentinatrails.com\/fra\/wp-json\/wp\/v2\/media?parent=2077"}],"curies":[{"name":"wp","href":"https:\/\/api.w.org\/{rel}","templated":true}]}}